2802 (base 13) to base 12.
33b0
What is -31201 (base 6) in base 9?
-5651
Convert 11011111010 (base 2) to base 6.
12134
482 (base 15) to base 13
608
What is 222a (base 11) in base 5?
43221
Convert 22ba7 (base 13) to base 15.
13c42
Convert -4742 (base 13) to base 11.
-7594
1105 (base 16) to base 10
4357
-10010101100 (base 2) to base 9
-1568
2b6 (base 16) to base 4
22312
-553040 (base 6) to base 12
-22780
Convert -514 (base 8) to base 5.
-2312
1324 (base 6) to base 3
110121
-2017 (base 13) to base 6
-32234
21010 (base 3) to base 7
363
-21160 (base 8) to base 13
-4022
-3266 (base 14) to base 9
-12852
What is 721 (base 8) in base 11?
393
16ac (base 13) to base 6
23305
What is 5752 (base 12) in base 5?
302320
Convert b907 (base 12) to base 16.
4f57
Convert 113a (base 12) to base 4.
131332
What is -6438 (base 9) in base 2?
-1001001111101
What is 2441 (base 6) in base 13?
373
Convert 18778 (base 14) to base 16.
f196
-1274 (base 11) to base 15
-754
What is -271 (base 10) in base 7?
-535
Convert -123313 (base 5) to base 15.
-1673
What is -1523 (base 8) in base 7?
-2324
What is -25b5 (base 12) in base 9?
-5822
371 (base 10) to base 5
2441
What is -15662 (base 10) in base 11?
-10849
Convert 240e (base 15) to base 12.
4528
What is 3e9d (base 16) in base 3?
210222200
What is -5315 (base 8) in base 7?
-11030
What is -28a (base 11) in base 4?
-11110
What is -103421 (base 5) in base 2?
-111000011011
-20262 (base 7) to base 16
-1350
What is -21002101 (base 3) in base 8?
-12057
What is -10100010011011 (base 2) in base 11?
-78a0
What is 250 (base 6) in base 7?
204
Convert -322 (base 11) to base 10.
-387
What is -100022010 (base 3) in base 5?
-204110
What is -5cc7 (base 13) in base 10?
-13176
-4936 (base 11) to base 7
-24545
What is 13101 (base 6) in base 16?
7bd
What is -141423 (base 5) in base 14?
-21cb
-28b0 (base 13) to base 14
-2209
What is -1001000000001101 (base 2) in base 16?
-900d
What is 1539 (base 11) in base 6?
13054
What is b2ca (base 13) in base 7?
131633
1a99b (base 12) to base 14
10527
Convert -2363 (base 12) to base 7.
-14361
What is 1061 (base 7) in base 15?
1ab
What is 20653 (base 8) in base 10?
8619
What is -100321 (base 4) in base 13?
-652
Convert 36 (base 9) to base 5.
113
-32022 (base 4) to base 16
-38a
What is -c9d (base 15) in base 11?
-215a
What is 15bb (base 16) in base 12?
3277
What is 345 (base 12) in base 2?
111100101
Convert -8427 (base 10) to base 13.
-3ab3
Convert 52b5 (base 16) to base 4.
11022311
-189 (base 12) to base 9
-306
Convert -1323 (base 4) to base 13.
-96
Convert 10112112 (base 3) to base 8.
5023
What is -1cd (base 15) in base 13?
-262
-2d8 (base 16) to base 15
-338
1411 (base 13) to base 3
10221221
What is -153 (base 7) in base 6?
-223
2263 (base 10) to base 3
10002211
Convert -49d5 (base 15) to base 2.
-11110101101101
Convert 416 (base 11) to base 16.
1f5
Convert 1110101110 (base 2) to base 10.
942
What is -245 (base 13) in base 7?
-1103
-3738 (base 10) to base 9
-5113
12115 (base 7) to base 8
6114
Convert 141263 (base 7) to base 9.
40805
What is -320004 (base 5) in base 3?
-112120200
What is 25350 (base 7) in base 15?
1eb9
Convert 561 (base 12) to base 3.
1002101
Convert 1281 (base 10) to base 2.
10100000001
340 (base 11) to base 2
110010111
9b1b (base 15) to base 4
20001230
What is -1c2 (base 13) in base 16?
-147
What is -1c7b (base 16) in base 6?
-53431
Convert -50937 (base 10) to base 11.
-352a7
What is -40435 (base 6) in base 11?
-4025
What is 43 (base 14) in base 2?
111011
4004344 (base 5) to base 9
105500
What is 22514 (base 6) in base 2?
110010001110
Convert -6190 (base 16) to base 14.
-9160
-44412 (base 5) to base 2
-110000100011
a51 (base 12) to base 16
5dd
What is -1011 (base 10) in base 2?
-1111110011
What is 2309 (base 10) in base 14?
bad
-22012220 (base 3) to base 7
-23316
Convert -8326 (base 15) to base 10.
-27711
Convert -44504 (base 6) to base 8.
-14130
What is 5782 (base 13) in base 4?
2333302
Convert 100331 (base 4) to base 16.
43d
What is 7072 (base 8) in base 2?
111000111010
What is 1301102 (base 4) in base 16?
1c52
Convert -239a5 (base 12) to base 5.
-3014302
Convert 98 (base 15) to base 4.
2033
What is 498 (base 12) in base 16?
2b4
Convert -13254 (base 6) to base 14.
-a66
-8f3 (base 16) to base 3
-10010212
What is -8218 (base 11) in base 12?
-6391
Convert -12002112 (base 3) to base 5.
-104323
Convert -1013 (base 9) to base 4.
-23211
12371 (base 14) to base 12
2197b
What is -724 (base 8) in base 5?
-3333
What is 1001111010 (base 2) in base 14?
334
What is -4625 (base 7) in base 11?
-12a2
Convert -11100010100 (base 2) to base 5.
-24222
9976 (base 11) to base 12
773b
Convert -11000111010 (base 2) to base 3.
-2012001
1110110000010 (base 2) to base 7
31011
194 (base 13) to base 11
244
What is -14174 (base 13) in base 12?
-19925
Convert -ad8 (base 15) to base 14.
-c73
1011112000 (base 3) to base 9
34460
What is 10234 (base 5) in base 4?
22312
Convert -104402 (base 6) to base 10.
-8786
Convert -210144 (base 6) to base 11.
-11785
What is -33211222 (base 4) in base 16?
-f96a
-141042 (base 5) to base 6
-42420
Convert -2510 (base 9) to base 13.
-b10
Convert 41040 (base 5) to base 10.
2645
Convert 1200201000 (base 3) to base 13.
1221c
-1166 (base 8) to base 13
-396
What is be (base 15) in base 7?
344
17c3d (base 14) to base 16
ea7f
Convert 9f96 (base 16) to base 3.
2002001010
What is -111101000 (base 2) in base 8?
-750
What is 5098 (base 11) in base 13?
3102
What is 2051 (base 10) in base 3?
2210222
Convert -140337 (base 8) to base 6.
-1020331
-1510 (base 12) to base 9
-3333
What is -3400 (base 8) in base 5?
-24132
What is 4d8 (base 14) in base 15?
44e
-2021212 (base 3) to base 14
-874
Convert -6565 (base 9) to base 12.
-2972
Convert 2abb (base 12) to base 4.
1032233
What is -1957 (base 10) in base 16?
-7a5
-223 (base 5) to base 11
-58
Convert -21115 (base 6) to base 11.
-2166
Convert 12001000 (base 3) to base 6.
25000
566 (base 14) to base 10
1070
-133432 (base 5) to base 13
-2666
Convert -110001111 (base 2) to base 11.
-333
What is -21655 (base 9) in base 7?
-56642
161 (base 13) to base 11
206
886e (base 15) to base 7
150161
-10655 (base 7) to base 8
-5257
Convert 31038 (base 9) to base 11.
143a9
What is -12021 (base 3) in base 15?
-97
Convert -224 (base 15) to base 11.
-400
What is 3775 (base 8) in base 13?
c14
Convert -27865 (base 9) to base 15.
-5922
30710 (base 10) to base 15
9175
11010000010000 (base 2) to base 15
3e38
-393 (base 10) to base 9
-476
1320200 (base 4) to base 16
1e20
What is 2222 (base 5) in base 10?
312
What is 6c48 (base 14) in base 10?
18880
What is 2b8a (base 15) in base 8?
22213
Convert 11040 (base 5) to base 10.
770
What is -2020100 (base 4) in base 12?
-5068
What is -2750 (base 9) in base 7?
-6015
What is 817 (base 14) in base 10?
1589
Convert 104 (base 6) to base 15.
2a
Convert 202210 (base 3) to base 9.
683
-233312 (base 4) to base 7
-11633
4e (base 16) to base 15
53
Convert 4450 (base 6) to base 10.
1038
What is -43640 (base 7) in base 8?
-25313
What is 1b9 (base 12) in base 2?
100011101
What is -12508 (base 14) in base 5?
-2414032
What is -637 (base 8) in base 11?
-348
What is 309 (base 11) in base 3?
111210
What is 313 (base 4) in base 5?
210
What is 10d8 (base 15) in base 9?
4815
What is 2003 (base 9) in base 16?
5b5
24a (base 16) to base 10
586
What is -3055 (base 10) in base 9?
-4164
2506 (base 9) to base 16
74d
5954 (base 14) to base 12
9006
-3763 (base 12) to base 13
-2b11
Convert -101100110011010 (base 2) to base 13.
-a596
-107e (base 15) to base 11
-2697
-a8 (base 14) to base 4
-2110
232 (base 15) to base 11
412
What is -1000 (base 10) in base 9?
-1331
Convert 261 (base 13) to base 3.
120110
Convert 1708 (base 12) to base 13.
1331
What is 1580 (base 12) in base 16?
9f0
-200122 (base 3) to base 7
-1316
What is -1d78 (base 14) in base 10?
-5398
What is 666 (base 7) in base 10?
342
1020221 (base 3) to base 10
916
What is 10010010010 (base 2) in base 8?
2222
What is 114250 (base 6) in base 3?
111202210
Convert -1553 (base 10) to base 3.
-2010112
b214 (base 16) to base 15
d793
What is 57441 (base 10) in base 7?
326316
Convert -21305 (base 7) to base 13.
-2546
-111320 (base 5) to base 14
-162c
What is 2001021 (base 3) in base 4?
113110
What is 24211 (base 5) in base 8?
